4?
True
Is 55 a factor of 650375?
True
Is 294584 a multiple of 165?
False
Is 133 a factor of 149359?
True
Is 6 a factor of 3484350?
True
Does 3 divide 17277?
True
Is 113001 a multiple of 24?
False
Does 4 divide 606714?
False
Is 2767844 a multiple of 134?
False
Is 7480362 a multiple of 186?
True
Does 385 divide 17384290?
True
Is 48803 a multiple of 46?
False
Is 327 a factor of 2404433?
False
Does 14 divide 111708?
False
Does 10 divide 672980?
True
Is 47 a factor of 57388?
False
Is 1043803 a multiple of 13?
False
Is 86328 a multiple of 12?
True
Is 2942600 a multiple of 50?
True
Is 1096065 a multiple of 50?
False
Does 40 divide 319394?
False
Is 51 a factor of 389283?
True
Is 3598143 a multiple of 105?
False
Does 73 divide 1472045?
True
Does 18 divide 1325986?
False
Is 11020525 a multiple of 177?
False
Is 30332 a multiple of 6?
False
Is 2605477 a multiple of 705?
False
Does 350 divide 163800?
True
Is 414255 a multiple of 2?
False
Does 102 divide 197574?
True
Does 6 divide 7512?
True
Does 16 divide 3802862?
False
Is 4 a factor of 20348?
True
Is 25 a factor of 2283025?
True
Is 56 a factor of 3136290?
False
Does 31 divide 26913239?
True
Is 145 a factor of 146184?
False
Does 10 divide 1046840?
True
Does 32 divide 292320?
True
Does 186 divide 95604?
True
Does 47 divide 637461?
True
Is 443310 a multiple of 9?
False
Does 84 divide 388080?
True
Is 14 a factor of 143270?
False
Does 17 divide 12822165?
True
Is 216 a factor of 308483?
False
Is 19 a factor of 123374?
False
Is 28839480 a multiple of 680?
True
Does 7 divide 61411?
True
Is 74229 a multiple of 327?
True
Does 210 divide 68250?
True
Is 1260227 a multiple of 2?
False
Is 34 a factor of 493451?
False
Does 53 divide 1004907?
False
Is 6 a factor of 914296?
False
Is 331 a factor of 6087090?
True
Does 131 divide 117769?
True
Is 123480 a multiple of 40?
True
Does 66 divide 1716330?
True
Is 126969 a multiple of 27?
False
Does 45 divide 291240?
True
Is 15 a factor of 496009?
False
Is 10 a factor of 162260?
True
Does 506 divide 331430?
True
Is 501963 a multiple of 11?
True
Is 5323 a multiple of 8?
False
Does 18 divide 2321424?
True
Does 94 divide 277676?
True
Is 137725 even?
False
Is 448 a factor of 2257024?
True
Is 4535053 a multiple of 78?
False
Is 286 a factor of 3444223?
False
Is 1611525 a multiple of 14?
False
Is 8824 a multiple of 6?
False
Does 37 divide 36630?
True
Does 22 divide 18720?
False
Is 17740 a multiple of 144?
False
Is 495016 a multiple of 16?
False
Is 9 a factor of 480925?
False
Is 44 a factor of 1603184?
True
Is 255 a factor of 6444114?
False
Is 18 a factor of 333809?
False
Is 49 a factor of 11601296?
False
Is 511 a factor of 4665941?
True
Is 219340 a multiple of 110?
True
Does 4 divide 64328?
True
Is 4 a factor of 28920?
True
Is 1292560 a multiple of 48?
False
Is 7789129 a multiple of 131?
True
Is 171946 a multiple of 298?
True
Is 105570 a multiple of 270?
True
Does 392 divide 195400?
False
Is 4042 a multiple of 81?
False
Is 1489572 a multiple of 257?
True
Is 35 a factor of 101815?
True
Does 19 divide 13736081?
False
Does 15 divide 21526?
False
Is 1259090 a multiple of 14?
True
Does 31 divide 496682?
True
Is 11 a factor of 282975?
True
Does 781 divide 2882047?
False
Does 68 divide 4686252?
False
Is 8 a factor of 489000?
True
Is 2383354 a multiple of 571?
True
Is 173236 a multiple of 46?
True
Does 3 divide 498?
True
Is 21584179 a multiple of 61?
True
Is 25 a factor of 221225?
True
Is 137 a factor of 1202586?
True
Is 1973599 a multiple of 42?
False
Is 777666 a multiple of 231?
False
Is 65 a factor of 489970?
True
Is 2148445 a multiple of 16?
False
Does 1605 divide 21797505?
True
Is 176 a factor of 11124960?
True
Is 83 a factor of 964958?
True
Is 80 a factor of 16059120?
True
Does 73 divide 45698?
True
Is 815 a factor of 163000?
True
Is 387200 a multiple of 110?
True
Is 204094 a multiple of 22?
True
Is 2735362 a multiple of 122?
True
Is 8370176 a multiple of 134?
True
Is 58563 a multiple of 82?
False
Is 1076502 a multiple of 142?
True
Does 104 divide 1683656?
True
Does 20 divide 126064?
False
Does 10 divide 10886680?
True
Is 244166 a multiple of 13?
True
Does 43 divide 648948?
False
Is 52 a factor of 1114440?
False
Does 578 divide 712096?
True
Is 63 a factor of 42336?
True
Is 4 a factor of 321604?
True
Is 349 a factor of 761518?
True
Is 1691520 a multiple of 15?
True
Is 10 a factor of 65490?
True
Is 3 a factor of 501996?
True
Is 356970 a multiple of 146?
True
Does 206 divide 296434?
True
Does 97 divide 1349682?
False
Is 357 a factor of 582267?
True
Is 17 a factor of 12894?
False
Is 573608 a multiple of 28?
True
Is 1989698 a multiple of 581?
False
Does 3 divide 59991?
True
Is 263 a factor of 4269855?
False
Is 31 a factor of 17703?
False
Is 41532 a multiple of 12?
True
Is 819148 a multiple of 21?
False
Is 43542 a multiple of 18?
True
Is 78 a factor of 13254696?
True
Is 2336567 a multiple of 323?
False
Is 47199 a multiple of 37?
False
Is 2942253 a multiple of 13?
False
Is 52 a factor of 16120?
True
Is 19 a factor of 1355118?
True
Is 272538 a multiple of 98?
True
Is 265 a factor of 4240?
True
Is 503085 a multiple of 15?
True
Is 356643 a multiple of 10?
False
Is 58 a factor of 302446?
False
Is 294808 a multiple of 344?
True
Is 102 a factor of 285561?
False
Is 4498304 a multiple of 311?
True
Does 14 divide 4407994?
False
Is 774 a factor of 400932?
True
Is 82161 a multiple of 17?
True
Is 92278 a multiple of 43?
True
Is 1040355 a multiple of 305?
True
Is 41 a factor of 1718222?
False
Is 5258 a multiple of 121?
False
Is 96511 a multiple of 103?
True
Is 105 a factor of 225602?
False
Is 1388405 a multiple of 150?
False
Does 7 divide 911393?
True
Does 346 divide 146105?
False
Does 8 divide 109180?
False
Is 20049984 a multiple of 283?
True
Is 1321144 a multiple of 88?
True
Is 492 a factor of 1532580?
True
Is 103 a factor of 1844730?
True
Does 160 divide 359461?
False
Is 230027 a multiple of 7?
True
Does 27 divide 6121497?
False
Is 7 a factor of 360206?
True
Does 15 divide 789996?
False
Does 101 divide 32926?
True
Is 11 a factor of 476311?
True
Is 13 a factor of 798474?
False
Is 245857 a multiple of 126?
False
Is 27 a factor of 19436?
False
Does 35 divide 2558494?
False
Is 7210788 a multiple of 442?
True
Is 545 a factor of 9064912?
False
Is 682 a factor of 910254?
False
Is 393844 a multiple of 4?
True
Does 97 divide 106603?
True
Is 462463 a multiple of 511?
False
Is 26 a factor of 70746?
True
Does 22 divide 77545?
False
Is 85 a factor of 28244?
False
Does 209 divide 47443?
True
Is 26 a factor of 217620?
True
Does 2 divide 12694?
True
Is 177539 a multiple of 43?
False
Is 22 a factor of 308660?
True
Is 2 a factor of 3376?
True
Is 121 a factor of 1137095?
False
Is 109 a factor of 80878?
True
Is 2 a factor of 23287?
False
Is 783628 a multiple of 164?
False
Does 18 divide 197482?
False
Does 90 divide 1365277?
False
Is 6 a factor of 1585673?
False
Is 1181 a factor of 8136138?
False
Does 198 divide 340956?
True
Is 152 a factor of 101080?
True
Is 1081920 a multiple of 21?
True
Is 504 a factor of 491085?
False
Is 953633 a multiple of 9?
False
Is 5385204 a multiple of 16?
False
Is 6 a factor of 400884?
True
Does 144 divide 6202681?
False
Is 87 a factor of 338601?
False
Does 18 divide 261396?
True
Does 38 divide 7865299?
False
Does 28 divide 95564?
True
Is 161 a factor of 611800?
True
Does 17 divide 20961?
True
Does 458 divide 153305?
False
Is 87563 a multiple of 57?
False
Is 125 a factor of 3226768?
False
Is 221067 a multiple of 21?
True
Is 308 a factor of 327705?
False
Does 16 divide 715792?
True
Is 908945 a multiple of 9?
False
Is 634900 a multiple of 47?
False
Is 80325 a multiple of 85?
True
Is 1276 a factor of 13252536?
True
Is 1438 a multiple of 3?
False
Does 29 divide 69608?
False
Is 9 a factor of 250088?
False
Is 86 a factor of 5848?
True
Is 86 a factor of 904548?
True
Does 7 divide 11172?
True
Is 12 a factor of 299628?
True
Is 54948 a multiple of 38?
True
Is 10 a factor of 10062880?
True
Does 52 divide 591166?
False
Is 1976 a factor of 17503408?
True
Does 115 divide 1297315?
True
Is 13 a factor of 2614906?
False
Does 496 divide 371504?
True
Is 3874025 a multiple of 231?
False
Is 12 a factor of 3132?
True
Is 202176 a multiple of 46?
False
Is 189716 a multiple of 112?
False
Is 4 a factor of 1694580?
True
